 = -z*i + r + 128, -228 = -4*i + 3*r - 8*r. What is the units digit of i?
2
Suppose -10*l - 40460 = -30*l. Let h = l - 1328. What is the units digit of h?
5
Let d be -3*-1*(-4 - 7). What is the hundreds digit of 355/3 - (154/d - -4)?
1
Let h be 27/(-135) - 2/(-10). Suppose 8*l - 21*l + 4680 = h. What is the tens digit of l?
6
Suppose 7 = -5*w - 4*l, -l - 2*l = -5*w + 14. Let d be ((1 - 6/4) + w)*0. What is the units digit of 168 + -3 + 2 + d?
7
Let n be (0 - (-4)/(-8))/((-3)/18). Suppose 3*j = 5*v + 950, -n*j - 970 = -6*j + v. What is the tens digit of j?
2
Suppose -151697 = 151*r - 471*r + 229*r. What is the tens digit of r?
6
Let w(o) = 54*o + 54. Let l be w(29). Suppose 3*a = -a + l. What is the tens digit of a?
0
Suppose -8*s = 24*s - 4*s - 781844. What is the hundreds digit of s?
9
What is the tens digit of 1 - -1364 - 1880/(-235)?
7
Suppose 1 = 4*f + 37. Let l(r) = 11*r - 23. Let z be l(f). What is the units digit of z/(-1) + (-2)/(-3)*-3?
0
Let q(s) be the third derivative of -s**4/24 + s**3/6 + 33*s**2. Let l(i) = -7*i - 16. Let o(t) = -l(t) + q(t). What is the tens digit of o(7)?
5
Let q be ((-29)/(-30) + (-15)/50)*1149. What is the tens digit of (q - 0) + 1 + (0 - -2)?
6
Let u(g) = -8*g + 65. Let p be u(5). Suppose -5*d + 150 = -p. What is the tens digit of d?
3
Suppose -2*d + 12*o - 11*o = -9, 3*o + 5 = -5*d. Let a(i) = 171*i + 9. What is the hundreds digit of a(d)?
3
Let n = -514 + 671. What is the tens digit of n?
5
Let p = 1414 + -442. Suppose -4*f + 4*m - 296 = -p, 2*m = -2*f + 342. What is the units digit of f?
0
Let h(b) = -8839*b - 1879. What is the tens digit of h(-10)?
1
Let q = -15213 - -29467. What is the units digit of q?
4
What is the ten thousands digit of ((-4)/(-14) - 37/7) + (2879 - -27115)?
2
Let y be 29261 + 12 + -6 - 7. Suppose 0 = -38*m - 0*m + y. What is the hundreds digit of m?
7
Let w(i) = 1009*i**2 + 23*i - 31. Let o(y) = -336*y**2 - 8*y + 11. Let b(p) = 11*o(p) + 4*w(p). What is the tens digit of b(1)?
4
Suppose 81*m = 78*m + 1122. Let h = m + 280. What is the hundreds digit of h?
6
Let z(g) = -5424*g - 2305. What is the thousands digit of z(-6)?
0
Suppose -5*o = 10 - 195. Let r be 228/(-8)*8/(-12). Let n = o + r. What is the tens digit of n?
5
Suppose -13*f - 3*n = -11*f - 37409, -n = 3. What is the tens digit of f?
0
Suppose 0*f - 96 = 3*f + 3*v, -100 = 4*f - 3*v. Let u = -23 - f. Suppose 95 + 815 = u*b. What is the hundreds digit of b?
1
Let a(p) = -14742*p - 7 - 6*p**2 + 3*p**2 + 14741*p - 4*p**3. Suppose g = -y - 8, -5*y = 13 + 7. What is the tens digit of a(g)?
0
Let f(r) = 4*r**3 - 6*r + 0 + 12*r - r**3 - 7. Suppose 2*i - 19 = -5*u + 3*i, 0 = -5*u - 2*i + 7. What is the units digit of f(u)?
2
Suppose -16760 = -3*t - 2*l, 4*t + 50*l = 45*l + 22335. What is the tens digit of t?
9
Let d(f) = -f**3 - 67*f**2 - 853*f + 94. What is the tens digit of d(-53)?
7
Let n(o) = 1458*o**2 - 114*o - 35. What is the hundreds digit of n(4)?
8
Suppose 327718 = 5*d - 55*v + 59*v, v = 2*d - 131095. What is the units digit of d?
6
Let a be -119 + 1 - (3 + -1 - 4). Let t = 165 + a. Suppose -3*v - t = -b + 53, 2*b - 5*v - 204 = 0. What is the tens digit of b?
0
Let c be (2/4)/(78/1248). What is the units digit of 5 + (-11)/2 + 2124/c?
5
Let r(o) be the first derivative of -1 + 469*o - 8*o**2 + 5 - 464*o. What is the hundreds digit of r(-7)?
1
Let j(h) = 14*h**2 + 22*h - 69. Let z(n) = -16*n**2 - 23*n + 68. Let y(u) = 7*j(u) + 6*z(u). What is the units digit of y(-17)?
1
Let m(h) = h**2 + 12*h - 25. Let b be m(-14). Suppose 0 = -u - 0*u + b*n - 7, -5*u - 4*n = -22. Suppose 194 + 84 = u*y. What is the hundreds digit of y?
1
Suppose 0 = 18*b - 8 - 46. Suppose 28*v = b*v + 9675. What is the units digit of v?
7
Let y(x) = 4*x**2 + 25*x - 46. Let b be y(-18). What is the units digit of (0/(-2) - -19)/(32/b)?
5
Suppose 36412 - 11506 = 21*p. What is the tens digit of p + -3 + 4 - -7?
9
Let t(m) = -20*m**2 + 9*m**2 - 12 - m**3 + m + 7*m. Let y be t(-12). What is the units digit of y - ((-110)/(-30) - 2/3)?
3
Let l = -111 - -114. What is the tens digit of (-91*(-6)/24)/(l/108)?
1
Let p be (-12172)/(-14) + (-48)/(-84). Suppose -p = -20*t + 18*t. What is the units digit of t?
5
Let g = -40 + 162. Let t = -112 + g. What is the hundreds digit of (-3*(-53)/2)/(3/t)?
2
Let n(x) = 2355*x + 10593. What is the ten thousands digit of n(16)?
4
What is the thousands digit of -6 + -1 + 31816/8?
3
Let m(p) = -p**3 + 38*p**2 + 27*p + 309. What is the tens digit of m(33)?
4
Let b(f) = -f**2 - 9 + 1 + 9*f + 7. What is the units digit of b(4)?
9
What is the units digit of (224/2)/((-94)/(-7990))?
0
Suppose a = -2*a + 21. Let b(s) = s**3 + 51*s**2 + 197*s - 22. Let h be b(-46). What is the tens digit of h/14 + (-27)/a + 4?
0
Suppose 0 = -88494*w + 88510*w - 307168. What is the thousands digit of w?
9
Suppose -320 - 1 = -3*d. Suppose 3*z = 4*y + 640, 2*z + d*y = 109*y + 428. What is the units digit of z?
6
Let i = 1236 + 13064. What is the tens digit of i?
0
Suppose -3*q = 8*q - 55. Suppose l + 5*n - n - 197 = 0, -q*n = -10. Suppose -2*b = -l - 135. What is the hundreds digit of b?
1
Let a(d) = -d**2 - 9*d + 13. Let s be a(-10). Suppose -h = -s*h + 4. Suppose -x = 3*q - 3*x - 243, -4*x - 162 = -h*q. What is the units digit of q?
1
Suppose m = -3*k + 25462, 3*m - k - 112331 = -35975. What is the ten thousands digit of m?
2
Let j = -3059 - -1748. Let v = j - -1914. What is the units digit of v?
3
Let y(t) = 8*t**2 + 14 - 5 - 7. Let l be y(-5). Suppose 5*b + 2*v - l = 0, 0*v - 78 = -2*b + 2*v. What is the units digit of b?
0
Let p(g) = 196*g - 104. Let i be p(24). Suppose 25*k + 15*k = i. What is the tens digit of k?
1
Let u = -2713 - -1582. Let j = -314 - u. What is the hundreds digit of j?
8
Let u = 594 + 4499. What is the thousands digit of u?
5
Let g(u) = -17*u - 24*u + 5*u - 79. What is the tens digit of g(-6)?
3
What is the hundreds digit of ((-23184)/108)/((-8)/276)?
4
What is the thousands digit of ((-1)/(-1))/(10492749/617220 - -1 - 18)?
8
Suppose -165*w + 130*w = -698705. What is the ten thousands digit of w?
1
Let i = -11335 + 19757. What is the hundreds digit of i?
4
Let u = -33 + 12. Let c = -16 - u. Suppose -130 = -c*z + 210. What is the units digit of z?
8
Suppose -3*m = -4*a + 35479, -6*a + 2*m + 44340 = -a. What is the hundreds digit of a?
8
Let a(o) = 2*o**3 + 130*o**2 - 170*o - 127. What is the ten thousands digit of a(-56)?
6
Suppose -5*u = -26 - 14. Let s(m) = 2*m**2 - m - 31. Let i(z) = -11. Let n(k) = -4*i(k) + s(k). What is the hundreds digit of n(u)?
1
Let o(a) = 3*a**2 - 25*a + 37. Let i be o(9). What is the units digit of (-638)/i + 12 - (-12146)/10?
5
Let o = 0 - -6. Let p be ((-21)/(-15))/(((-28)/20)/(-7)). Let j = o + p. What is the units digit of j?
3
Let k(q) = -3*q**2 - 2*q - 8. Let l be k(4). What is the units digit of 18/6 - l*6?
7
Let x(f) = f**3 - 8*f**2 + 12*f - 17. Suppose 5*t - h = -7 - 21, -4*t = -h + 23. Let m be (13 + t)/((-1)/(-1)). What is the tens digit of x(m)?
7
Let l(m) be the third derivative of 1/6*m**3 + 11/20*m**5 + 1/6*m**4 + 0*m + 0 + 28*m**2. What is the tens digit of l(-1)?
3
Let x(v) = -531*v - 1809. What is the thousands digit of x(-23)?
0
Suppose 7*h = h - 138. Let j = h + 14. Let m(c) = -c**3 - 7*c**2 + 3*c + 5. What is the units digit of m(j)?
0
Suppose 3*k + 31990 + 29405 = 5*p, 5*p + 3*k = 61425. What is the tens digit of p?
8
Let w = 65 + -50. Suppose -4*b = -l - 9*b - w, -5*l - 5*b - 35 = 0. What is the units digit of l + (-33)/(-6) - (-82)/4?
1
Suppose -t + 13 = -0. Suppose 0 = -11*i + t*i - 32. Let b = i - -136. What is the hundreds digit of b?
1
Suppose 54*d = 43*d + 87571. What is the tens digit of d?
6
Let p = -776 - -793. Suppose -2614 = -4*q + 3*n, -p*n + 22*n = -3*q + 1975. What is the units digit of q?
5
Suppose -36 = -2*t - 2*o - 32, -5*t - o - 10 = 0. What is the hundreds digit of 844/(3/t + 2)?
8
Suppose -v + 7947 = -5*w, 17*v - 20*v - 4*w = -23898. What is the thousands digit of v?
7
Suppose 1348*w - 8054172 = 1131*w. What is the tens digit of w?
1
Suppose -g = g - 18. Suppose 4*o - 728 = -3*z, -3 = g*o - 6*o. What is the units digit of z?
4
Let k = 179961 + -101777. What is the hundreds digit of k?
1
Let t be 9/(-63) + -44*4/(-56). Suppose 15*a = 4*v + 11*a - 376, 0 = -2*v